?
2, 3, 5, 7, 101, 3769
List the prime factors of 2815622750.
2, 5, 61, 184631
List the prime factors of 408323477.
17737, 23021
What are the prime factors of 35507956?
2, 11, 806999
What are the prime factors of 55102640?
2, 5, 688783
What are the prime factors of 1351758148?
2, 13, 37, 43, 16339
List the prime factors of 686664866.
2, 2417, 142049
List the prime factors of 3574753460.
2, 5, 7549, 23677
What are the prime factors of 627729705?
3, 5, 3709, 3761
What are the prime factors of 10956535?
5, 1229, 1783
List the prime factors of 74911670.
2, 5, 7491167
List the prime factors of 15764102.
2, 7882051
What are the prime factors of 2431256439?
3, 53, 2593, 5897
List the prime factors of 125441897.
7, 2357, 7603
What are the prime factors of 313633611?
3, 233, 149563
List the prime factors of 1435282539.
3, 157, 3047309
What are the prime factors of 12596935?
5, 13, 193799
List the prime factors of 19675742.
2, 9837871
What are the prime factors of 240459023?
7, 97, 50591
What are the prime factors of 1465630847?
1465630847
List the prime factors of 196039466.
2, 7, 14002819
List the prime factors of 21858617.
11, 17, 41, 2851
List the prime factors of 27549774.
2, 3, 7, 72883
List the prime factors of 1271217046.
2, 11, 5252963
What are the prime factors of 64968580?
2, 5, 1601, 2029
What are the prime factors of 1329575648?
2, 41549239
List the prime factors of 46211448.
2, 3, 1327, 1451
What are the prime factors of 29626884?
2, 3, 7, 13063
What are the prime factors of 7094629939?
1873, 3787843
What are the prime factors of 90046554?
2, 3, 13, 809, 1427
What are the prime factors of 617689827?
3, 22877401
What are the prime factors of 173673507?
3, 7, 47, 175961
List the prime factors of 314597815.
5, 7, 8988509
What are the prime factors of 60649833?
3, 71, 284741
What are the prime factors of 74964392?
2, 9370549
List the prime factors of 17656127.
17656127
List the prime factors of 37387343.
7, 109001
List the prime factors of 75184758.
2, 3, 11, 379721
What are the prime factors of 1250651300?
2, 5, 1301, 9613
What are the prime factors of 45151087?
19, 83, 28631
List the prime factors of 110775515.
5, 22155103
What are the prime factors of 40396203?
3, 293, 15319
List the prime factors of 54033171.
3, 97, 185681
What are the prime factors of 27323956?
2, 11, 620999
List the prime factors of 382869264.
2, 3, 593, 13451
List the prime factors of 1762846830.
2, 3, 5, 19587187
List the prime factors of 435712803.
3, 149, 974749
What are the prime factors of 907549831?
31, 29275801
What are the prime factors of 1179823873?
1179823873
What are the prime factors of 794021338?
2, 11, 36091879
What are the prime factors of 89269087?
19, 881, 5333
What are the prime factors of 5700634?
2, 2850317
What are the prime factors of 1181510434?
2, 13, 457, 7649
List the prime factors of 1708215416.
2, 4643, 45989
List the prime factors of 55186669.
55186669
List the prime factors of 3958271691.
3, 11, 19, 6313033
List the prime factors of 427755641.
547, 782003
What are the prime factors of 3703515898?
2, 293, 6319993
What are the prime factors of 127897064?
2, 15987133
List the prime factors of 759231042.
2, 3, 53, 461, 5179
What are the prime factors of 26561404?
2, 2129, 3119
What are the prime factors of 792638230?
2, 5, 79263823
List the prime factors of 60596873.
1019, 59467
List the prime factors of 11147234.
2, 7, 43, 18517
List the prime factors of 66813144.
2, 3, 79, 131, 269
What are the prime factors of 2092492308?
2, 3, 174374359
What are the prime factors of 269085065?
5, 67, 173, 4643
List the prime factors of 897705617.
23, 5011, 7789
What are the prime factors of 563955332?
2, 37, 3810509
What are the prime factors of 27225019?
59, 461441
List the prime factors of 12676231.
73, 173647
What are the prime factors of 181960097?
11, 547, 30241
List the prime factors of 738939890.
2, 5, 13, 1181, 4813
What are the prime factors of 58759959?
3, 37, 487, 1087
List the prime factors of 314986739.
43, 7325273
List the prime factors of 321455887.
233, 1379639
What are the prime factors of 263429418?
2, 3, 7, 37, 283, 599
What are the prime factors of 144692207?
11, 13153837
List the prime factors of 2556581491.
23, 111155717
List the prime factors of 37762423.
17, 379, 5861
List the prime factors of 1346942365.
5, 269388473
List the prime factors of 50140413.
3, 71, 78467
What are the prime factors of 184566493?
184566493
List the prime factors of 201482534.
2, 11, 67, 136691
What are the prime factors of 3623255649?
3, 13, 41, 755317
List the prime factors of 80348744.
2, 7, 431, 3329
List the prime factors of 97674756.
2, 3, 8139563
What are the prime factors of 72863750?
2, 5, 71, 821
What are the prime factors of 15112771?
19, 23, 34583
List the prime factors of 47515896.
2, 3, 73327
List the prime factors of 61265105.
5, 11, 1021, 1091
What are the prime factors of 6183835643?
6183835643
What are the prime factors of 183139199?
183139199
List the prime factors of 437837717.
53, 1039, 7951
What are the prime factors of 1027373906?
2, 13, 39514381
What are the prime factors of 292088739?
3, 103, 857, 1103
List the prime factors of 1334025086.
2, 667012543
List the prime factors of 32831059.
43, 763513
What are the prime factors of 1917240642?
2, 3, 197, 540677
List the prime factors of 1016346376.
2, 41, 61, 79, 643
List the prime factors of 916312898.
2, 458156449
What are the prime factors of 35303449?
35303449
What are the prime factors of 66228747?
3, 13, 53, 179
What are the prime factors of 2259494080?
2, 5, 7060919
What are the prime factors of 37323369?
3, 97, 14251
List the prime factors of 34690449.
3, 109, 106087
List the prime factors of 46614827.
7, 41, 23203
What are the prime factors of 387496659?
3, 11, 19, 79, 7823
What are the prime factors of 43385453?
89, 487477
What are the prime factors of 808621482?
2, 3, 103, 181, 7229
List the prime factors of 1671933784.
2, 208991723
List the prime factors of 741632722.
2, 83, 163, 27409
What are the prime factors of 3181791?
3, 1060597
List the prime factors of 55104079.
239, 230561
What are the prime factors of 5539620692?
2, 107, 769, 16831
List the prime factors of 426584934.
2, 3, 1931, 4091
What are the prime factors of 29655048?
2, 3, 19, 65033
List the prime factors of 6066234320.
2, 5, 71, 1067999
What are the prime factors of 41437876?
2, 101, 109, 941
List the prime factors of 1620384882.
2, 3, 37, 1229, 5939
What are the prime factors of 58608365?
5, 11721673
What are the prime factors of 761717246?
2, 1013, 375971
List the prime factors of 517477332.
2, 3, 47, 917513
List the prime factors of 211060528.
2, 7, 1884469
List the prime factors of 726135091.
11, 227, 290803
List the prime factors of 1516966791.
3, 73, 1447, 4787
What are the prime factors of 684222434?
2, 7, 48873031
List the prime factors of 440226409.
7, 19, 29, 311, 367
What are the prime factors of 44773160?
2, 5, 541, 2069
List the prime factors of 478095733.
23, 31, 670541
What are the prime factors of 59108809?
1511, 39119
What are the prime factors of 444050062?
2, 222025031
What are the prime factors of 14737538?
2, 17, 107, 4051
List the prime factors of 190805891.
701, 272191
List the prime factors of 1870070830.
2, 5, 241, 775963
What are the prime factors of 276785580?
2, 3, 5, 211, 21863
List the prime factors of 13026956.
2, 3256739
List the prime factors of 3845156377.
3845156377
What are the prime factors of 210577501?
479, 499, 881
List the prime factors of 122258547.
3, 23, 283, 2087
List the prime factors of 106053057.
3, 11, 119027
List the prime factors of 14742816.
2, 3, 11, 23, 607
What are the prime factors of 6396623?
53, 120691
What are the prime factors of 201984923?
7, 28854989
List the prime factors of 292206468.
2, 3, 59, 103, 4007
What are the prime factors of 58841097?
3, 7, 17, 164821
What are the prime factors of 1472585158?
2, 11, 19, 1381, 2551
What are the prime factors of 319666595?
5, 373, 171403
List the prime factors of 2428576485.
3, 5, 19, 8521321
List the prime factors of 124730185.
5, 1373, 18169
List the prime factors of 752697268.
2, 188174317
What are the prime factors of 168453799?
17, 9909047
What are the prime factors of 874364244?
2, 3, 13, 307,